{"id":90,"date":"2023-05-29T10:28:19","date_gmt":"2023-05-29T10:28:19","guid":{"rendered":"https:\/\/www.costablancasuomiseura.es\/uusisivu\/?page_id=90"},"modified":"2025-11-28T15:17:28","modified_gmt":"2025-11-28T13:17:28","slug":"golf","status":"publish","type":"page","link":"https:\/\/www.costablancasuomiseura.es\/uusisivu\/golf\/","title":{"rendered":"Golf"},"content":{"rendered":"\n<ul class=\"wp-block-list\">\n<li><strong>Aika ja paikka:&nbsp;<a href=\"https:\/\/sites.google.com\/view\/ssgk-golf-kerho\">katso kerhon omalta kotisivulta<\/a><\/strong><\/li>\n\n\n\n<li><strong>Suomi-Seuran Golfkerho (SSGK)<\/strong><\/li>\n\n\n\n<li><strong>Kausi: 1.10. \u2013 30.4.<\/strong><\/li>\n\n\n\n<li><strong>Yhteyshenkil\u00f6t: <\/strong>\n<ul class=\"wp-block-list\">\n<li>Eija Venetkoski-Kukka, puheenjohtaja<\/li>\n\n\n\n<li>Jukka Nylander, varapuheenjohtaja &#8211; kilpailut, s\u00e4\u00e4nn\u00f6t ja koulutus<\/li>\n\n\n\n<li>Teppo Metsi\u00f6, kapteeni<\/li>\n\n\n\n<li>Timo Raito &#8211; tiedotus, j\u00e4senrekisteri ja tietotekniikka<\/li>\n<\/ul>\n<\/li>\n\n\n\n<li><strong>S\u00e4hk\u00f6posti: cbssgk (at) gmail.com<\/strong><\/li>\n<\/ul>\n","protected":false},"excerpt":{"rendered":"<p> <a href=\"https:\/\/www.costablancasuomiseura.es\/uusisivu\/golf\/\" class=\"more-link\">&#8211; Lue &#8211; <span class=\"screen-reader-text\">Golf<\/span><\/a><\/p>\n","protected":false},"author":2,"featured_media":0,"parent":0,"menu_order":0,"comment_status":"closed","ping_status":"closed","template":"","meta":{"footnotes":""},"class_list":["post-90","page","type-page","status-publish","hentry"],"post_mailing_queue_ids":[],"_links":{"self":[{"href":"https:\/\/www.costablancasuomiseura.es\/uusisivu\/wp-json\/wp\/v2\/pages\/90","targetHints":{"allow":["GET"]}}],"collection":[{"href":"https:\/\/www.costablancasuomiseura.es\/uusisivu\/wp-json\/wp\/v2\/pages"}],"about":[{"href":"https:\/\/www.costablancasuomiseura.es\/uusisivu\/wp-json\/wp\/v2\/types\/page"}],"author":[{"embeddable":true,"href":"https:\/\/www.costablancasuomiseura.es\/uusisivu\/wp-json\/wp\/v2\/users\/2"}],"replies":[{"embeddable":true,"href":"https:\/\/www.costablancasuomiseura.es\/uusisivu\/wp-json\/wp\/v2\/comments?post=90"}],"version-history":[{"count":9,"href":"https:\/\/www.costablancasuomiseura.es\/uusisivu\/wp-json\/wp\/v2\/pages\/90\/revisions"}],"predecessor-version":[{"id":2368,"href":"https:\/\/www.costablancasuomiseura.es\/uusisivu\/wp-json\/wp\/v2\/pages\/90\/revisions\/2368"}],"wp:attachment":[{"href":"https:\/\/www.costablancasuomiseura.es\/uusisivu\/wp-json\/wp\/v2\/media?parent=90"}],"curies":[{"name":"wp","href":"https:\/\/api.w.org\/{rel}","templated":true}]}}