{"id":78,"date":"2023-05-29T10:21:51","date_gmt":"2023-05-29T10:21:51","guid":{"rendered":"https:\/\/www.costablancasuomiseura.es\/uusisivu\/?page_id=78"},"modified":"2026-01-07T10:14:12","modified_gmt":"2026-01-07T08:14:12","slug":"jasenmaksu","status":"publish","type":"page","link":"https:\/\/www.costablancasuomiseura.es\/uusisivu\/jasenmaksu\/","title":{"rendered":"J\u00e4senmaksu"},"content":{"rendered":"\n<h3 class=\"wp-block-heading\">Vuonna 2026<\/h3>\n\n\n\n<ul class=\"wp-block-list\">\n<li>Yksil\u00f6j\u00e4senmaksu 40 \u20ac (12kk)<\/li>\n\n\n\n<li>Perhej\u00e4senmaksusta on kolme eri tasoa (eriteltyn\u00e4 alla)<\/li>\n\n\n\n<li>parij\u00e4senyys, avio- tai parisuhteessa &#8211; 70\u20ac (12kk)<\/li>\n\n\n\n<li>perhej\u00e4senyys, jossa on alaik\u00e4inen lapsi\/lapsia (edellytt\u00e4\u00e4 lapsen\/lasten rekister\u00f6inti\u00e4 j\u00e4seneksi), kaksi aikuista, avio -tai parisuhteessa ja alaik\u00e4inen lapsi\/lapset &#8211; 66\u20ac (12kk)<\/li>\n\n\n\n<li>yksinhuoltajan perhej\u00e4senyys, jossa on alaik\u00e4inen lapsi\/lapsia (edellytt\u00e4\u00e4 lapsen\/lasten rekister\u00f6inti\u00e4 j\u00e4seneksi), yksi aikuinen ja alaik\u00e4inen lapsi\/lapset &#8211; 33\u20ac (12kk)<\/li>\n<\/ul>\n\n\n\n<p>Membook on j\u00e4senrekisteri, jossa jokaisen j\u00e4senen s\u00e4hk\u00f6postiosoite on j\u00e4senyyden kirjauksessa jouduttu antamaan. Sen s\u00e4hk\u00f6postin kautta tapahtuu my\u00f6s laskutus. Varmistathan siis ett\u00e4 antamasi s\u00e4hk\u00f6posti on oikein kirjoitettu.<\/p>\n\n\n\n<p>J\u00e4sen voi halutessaan ladata puhelimeensa Play Kaupasta tai App Storesta Membook -sovelluksen jolla voi korvata aikaisemman perinteisen j\u00e4senkortin.<\/p>\n\n\n\n<p><a href=\"https:\/\/www.costablancasuomiseura.es\/uusisivu\/liity-jaseneksi\/\">Liity j\u00e4seneksi t\u00e4st\u00e4<\/a>.<\/p>\n\n\n\n<p>.<\/p>\n","protected":false},"excerpt":{"rendered":"<p>Vuonna 2026 Membook on j\u00e4senrekisteri, jossa jokaisen j\u00e4senen s\u00e4hk\u00f6postiosoite on j\u00e4senyyden kirjauksessa jouduttu antamaan. Sen s\u00e4hk\u00f6postin kautta tapahtuu my\u00f6s laskutus. Varmistathan siis ett\u00e4 antamasi s\u00e4hk\u00f6posti on oikein kirjoitettu. J\u00e4sen voi halutessaan ladata puhelimeensa Play Kaupasta tai App Storesta Membook -sovelluksen jolla voi korvata aikaisemman perinteisen j\u00e4senkortin. Liity j\u00e4seneksi t\u00e4st\u00e4. . <a href=\"https:\/\/www.costablancasuomiseura.es\/uusisivu\/jasenmaksu\/\" class=\"more-link\">&#8211; Lue &#8211; <span class=\"screen-reader-text\">J\u00e4senmaksu<\/span><\/a><\/p>\n","protected":false},"author":2,"featured_media":0,"parent":0,"menu_order":0,"comment_status":"closed","ping_status":"closed","template":"","meta":{"footnotes":""},"class_list":["post-78","page","type-page","status-publish","hentry"],"post_mailing_queue_ids":[],"_links":{"self":[{"href":"https:\/\/www.costablancasuomiseura.es\/uusisivu\/wp-json\/wp\/v2\/pages\/78","targetHints":{"allow":["GET"]}}],"collection":[{"href":"https:\/\/www.costablancasuomiseura.es\/uusisivu\/wp-json\/wp\/v2\/pages"}],"about":[{"href":"https:\/\/www.costablancasuomiseura.es\/uusisivu\/wp-json\/wp\/v2\/types\/page"}],"author":[{"embeddable":true,"href":"https:\/\/www.costablancasuomiseura.es\/uusisivu\/wp-json\/wp\/v2\/users\/2"}],"replies":[{"embeddable":true,"href":"https:\/\/www.costablancasuomiseura.es\/uusisivu\/wp-json\/wp\/v2\/comments?post=78"}],"version-history":[{"count":20,"href":"https:\/\/www.costablancasuomiseura.es\/uusisivu\/wp-json\/wp\/v2\/pages\/78\/revisions"}],"predecessor-version":[{"id":2420,"href":"https:\/\/www.costablancasuomiseura.es\/uusisivu\/wp-json\/wp\/v2\/pages\/78\/revisions\/2420"}],"wp:attachment":[{"href":"https:\/\/www.costablancasuomiseura.es\/uusisivu\/wp-json\/wp\/v2\/media?parent=78"}],"curies":[{"name":"wp","href":"https:\/\/api.w.org\/{rel}","templated":true}]}}