{"id":45,"date":"2023-05-25T11:08:13","date_gmt":"2023-05-25T11:08:13","guid":{"rendered":"https:\/\/www.costablancasuomiseura.es\/uusisivu\/?page_id=45"},"modified":"2023-12-18T19:38:22","modified_gmt":"2023-12-18T17:38:22","slug":"asiaa-espanjasta","status":"publish","type":"page","link":"https:\/\/www.costablancasuomiseura.es\/uusisivu\/asiaa-espanjasta\/","title":{"rendered":"Asiaa Espanjasta"},"content":{"rendered":"\n<p>T\u00e4\u00e4lt\u00e4 l\u00f6yd\u00e4t tietoa mik\u00e4li harkitset muuttoa Espanjaan tai kyseisen maan verotus kiinnostaa.<\/p>\n","protected":false},"excerpt":{"rendered":"<p>T\u00e4\u00e4lt\u00e4 l\u00f6yd\u00e4t tietoa mik\u00e4li harkitset muuttoa Espanjaan tai kyseisen maan verotus kiinnostaa. <a href=\"https:\/\/www.costablancasuomiseura.es\/uusisivu\/asiaa-espanjasta\/\" class=\"more-link\">&#8211; Lue &#8211; <span class=\"screen-reader-text\">Asiaa Espanjasta<\/span><\/a><\/p>\n","protected":false},"author":2,"featured_media":0,"parent":0,"menu_order":0,"comment_status":"closed","ping_status":"closed","template":"","meta":{"footnotes":""},"class_list":["post-45","page","type-page","status-publish","hentry"],"post_mailing_queue_ids":[],"_links":{"self":[{"href":"https:\/\/www.costablancasuomiseura.es\/uusisivu\/wp-json\/wp\/v2\/pages\/45","targetHints":{"allow":["GET"]}}],"collection":[{"href":"https:\/\/www.costablancasuomiseura.es\/uusisivu\/wp-json\/wp\/v2\/pages"}],"about":[{"href":"https:\/\/www.costablancasuomiseura.es\/uusisivu\/wp-json\/wp\/v2\/types\/page"}],"author":[{"embeddable":true,"href":"https:\/\/www.costablancasuomiseura.es\/uusisivu\/wp-json\/wp\/v2\/users\/2"}],"replies":[{"embeddable":true,"href":"https:\/\/www.costablancasuomiseura.es\/uusisivu\/wp-json\/wp\/v2\/comments?post=45"}],"version-history":[{"count":4,"href":"https:\/\/www.costablancasuomiseura.es\/uusisivu\/wp-json\/wp\/v2\/pages\/45\/revisions"}],"predecessor-version":[{"id":1027,"href":"https:\/\/www.costablancasuomiseura.es\/uusisivu\/wp-json\/wp\/v2\/pages\/45\/revisions\/1027"}],"wp:attachment":[{"href":"https:\/\/www.costablancasuomiseura.es\/uusisivu\/wp-json\/wp\/v2\/media?parent=45"}],"curies":[{"name":"wp","href":"https:\/\/api.w.org\/{rel}","templated":true}]}}