{"id":176,"date":"2023-05-29T11:14:54","date_gmt":"2023-05-29T11:14:54","guid":{"rendered":"https:\/\/www.costablancasuomiseura.es\/uusisivu\/?page_id=176"},"modified":"2025-05-31T15:32:35","modified_gmt":"2025-05-31T13:32:35","slug":"suomi-espanja-seura","status":"publish","type":"page","link":"https:\/\/www.costablancasuomiseura.es\/uusisivu\/suomi-espanja-seura\/","title":{"rendered":"Suomi-Espanja Seura"},"content":{"rendered":"\n<p><strong>Suomi\u2013Espanja Seura r<\/strong>y on valtakunnallinen yst\u00e4vyysseura, joka edist\u00e4\u00e4 Suomen ja Espanjan v\u00e4list\u00e4 kulttuuri- ja kanssak\u00e4ymist\u00e4. Vuonna 1957 perustettu seura j\u00e4rjest\u00e4\u00e4 tapahtumia, kielikursseja ja matkoja, levitt\u00e4\u00e4 tietoa Espanjasta Suomessa ja tukee espanjalaisten sopeutumista Suomeen. Seura tarjoaa mahdollisuuksia oppia, verkostoitua ja syvent\u00e4\u00e4 molemminpuolista ymm\u00e4rryst\u00e4 kahden maan v\u00e4lill\u00e4.<br>Lis\u00e4tietoja: <a href=\"https:\/\/www.suomiespanjaseura.fi\/\" target=\"_blank\" rel=\"noreferrer noopener\">Suomi-Espanja Seura<\/a><\/p>\n\n\n\n<p><strong>Suomi-Seura ry<\/strong> on ulkosuomalaisten etu-, asiantuntija- ja palveluj\u00e4rjest\u00f6, joka tukee maailmalla asuvia, ulkomaille muuttavia ja Suomeen palaavia suomalaisia. Vuonna 1927 perustettu j\u00e4rjest\u00f6 tarjoaa neuvontaa, julkaisee <em>Suomen Silta<\/em> -lehte\u00e4 ja toimii ulkosuomalaisparlamentin kautta ulkomailla asuvien suomalaisten \u00e4\u00e4nen\u00e4 Suomessa. Lis\u00e4tietoja: <a href=\"https:\/\/suomi-seura.fi\/fi\" target=\"_blank\" rel=\"noreferrer noopener\">Suomi Seura r.y.<\/a><\/p>\n","protected":false},"excerpt":{"rendered":"<p>Suomi\u2013Espanja Seura ry on valtakunnallinen yst\u00e4vyysseura, joka edist\u00e4\u00e4 Suomen ja Espanjan v\u00e4list\u00e4 kulttuuri- ja kanssak\u00e4ymist\u00e4. Vuonna 1957 perustettu seura j\u00e4rjest\u00e4\u00e4 tapahtumia, kielikursseja ja matkoja, levitt\u00e4\u00e4 tietoa Espanjasta Suomessa ja tukee espanjalaisten sopeutumista Suomeen. Seura tarjoaa mahdollisuuksia oppia, verkostoitua ja syvent\u00e4\u00e4 molemminpuolista ymm\u00e4rryst\u00e4 kahden maan v\u00e4lill\u00e4.Lis\u00e4tietoja: Suomi-Espanja Seura Suomi-Seura ry on ulkosuomalaisten etu-, asiantuntija- ja palveluj\u00e4rjest\u00f6, joka tukee maailmalla asuvia, ulkomaille muuttavia ja Suomeen palaavia suomalaisia. &hellip; <a href=\"https:\/\/www.costablancasuomiseura.es\/uusisivu\/suomi-espanja-seura\/\" class=\"more-link\">&#8211; Lue &#8211; <span class=\"screen-reader-text\">Suomi-Espanja Seura<\/span><\/a><\/p>\n","protected":false},"author":2,"featured_media":0,"parent":0,"menu_order":0,"comment_status":"closed","ping_status":"closed","template":"","meta":{"footnotes":""},"class_list":["post-176","page","type-page","status-publish","hentry"],"post_mailing_queue_ids":[],"_links":{"self":[{"href":"https:\/\/www.costablancasuomiseura.es\/uusisivu\/wp-json\/wp\/v2\/pages\/176","targetHints":{"allow":["GET"]}}],"collection":[{"href":"https:\/\/www.costablancasuomiseura.es\/uusisivu\/wp-json\/wp\/v2\/pages"}],"about":[{"href":"https:\/\/www.costablancasuomiseura.es\/uusisivu\/wp-json\/wp\/v2\/types\/page"}],"author":[{"embeddable":true,"href":"https:\/\/www.costablancasuomiseura.es\/uusisivu\/wp-json\/wp\/v2\/users\/2"}],"replies":[{"embeddable":true,"href":"https:\/\/www.costablancasuomiseura.es\/uusisivu\/wp-json\/wp\/v2\/comments?post=176"}],"version-history":[{"count":3,"href":"https:\/\/www.costablancasuomiseura.es\/uusisivu\/wp-json\/wp\/v2\/pages\/176\/revisions"}],"predecessor-version":[{"id":2332,"href":"https:\/\/www.costablancasuomiseura.es\/uusisivu\/wp-json\/wp\/v2\/pages\/176\/revisions\/2332"}],"wp:attachment":[{"href":"https:\/\/www.costablancasuomiseura.es\/uusisivu\/wp-json\/wp\/v2\/media?parent=176"}],"curies":[{"name":"wp","href":"https:\/\/api.w.org\/{rel}","templated":true}]}}