{"id":138,"date":"2023-05-29T10:49:36","date_gmt":"2023-05-29T10:49:36","guid":{"rendered":"https:\/\/www.costablancasuomiseura.es\/uusisivu\/?page_id=138"},"modified":"2023-11-16T15:16:07","modified_gmt":"2023-11-16T13:16:07","slug":"yleisia-palvelunumeroita","status":"publish","type":"page","link":"https:\/\/www.costablancasuomiseura.es\/uusisivu\/yleisia-palvelunumeroita\/","title":{"rendered":"Yleisi\u00e4 palvelunumeroita"},"content":{"rendered":"\n<h1 class=\"wp-block-heading\">Yleiset palvelunumerot<\/h1>\n\n\n\n<p><strong>AMBULANSSI<\/strong>\u2026\u2026\u2026\u2026\u2026\u2026\u2026\u2026\u2026\u2026\u2026\u2026\u2026\u2026\u2026965 877 859<br><strong>SAMU<\/strong> (kiireelliset kuljetukset)\u2026\u2026\u2026\u2026\u2026\u2026..965 144 000<br><strong>PALOKUNTA.<\/strong>\u2026\u2026\u2026\u2026\u2026\u2026\u2026\u2026\u2026\u2026\u2026\u2026\u2026\u2026\u2026.966 704 433<br>GUARDIA CIVIL\u2026\u2026\u2026\u2026\u2026\u2026\u2026\u2026\u2026\u2026\u2026\u2026\u2026\u2026965 710 113<br><strong>POLICIA LOCAL<\/strong>\u2026\u2026\u2026\u2026\u2026\u2026\u2026\u2026\u2026\u2026\u2026\u2026\u2026\u2026965 710 154<\/p>\n\n\n\n<p><strong>SAIRAALAT<\/strong><br>Torrevieja\u2026\u2026\u2026\u2026\u2026\u2026\u2026\u2026\u2026\u2026\u2026\u2026\u2026\u2026\u2026\u2026\u2026..965 721 200<br>Vega Baja\u2026\u2026\u2026\u2026\u2026\u2026\u2026\u2026\u2026\u2026\u2026\u2026\u2026\u2026\u2026\u2026\u2026\u2026965 877 500<br>Elche\u2026\u2026\u2026\u2026\u2026\u2026\u2026\u2026\u2026\u2026\u2026\u2026\u2026\u2026\u2026\u2026\u2026\u2026\u2026\u2026966 679 000<br>Alicante (Univ.hosp.)\u2026\u2026\u2026\u2026\u2026\u2026\u2026\u2026\u2026\u2026\u2026\u2026965 938 300<br>Quir\u00f3n (Yksit.)\u2026\u2026\u2026\u2026\u2026\u2026\u2026\u2026\u2026\u2026\u2026\u2026\u2026\u2026\u2026.966 921 313<br>San Juan\u2026\u2026\u2026\u2026\u2026\u2026\u2026\u2026\u2026\u2026\u2026\u2026\u2026\u2026\u2026\u2026\u2026\u2026.965 938 665<br>San Vicente\u2026\u2026\u2026\u2026\u2026\u2026\u2026\u2026\u2026\u2026\u2026\u2026\u2026\u2026\u2026\u2026..965 660 512<\/p>\n\n\n\n<p><strong>TERVEYSKESKUKSET<\/strong> ajanvaraus\u2026\u2026\u2026\u2026\u2026965 721 400<br>La Loma<br>Asequion<br>La Mata<br>Almoradi<br>Cabo Roig<br>Pilar de la Horadada<br>Guardamar<br>Campoamor<br>Rojales<br>Patricio Perez<\/p>\n\n\n\n<p><strong>KAASULAITOS<\/strong>\u2026\u2026\u2026\u2026\u2026\u2026\u2026\u2026\u2026\u2026\u2026\u2026\u2026\u2026..965 710 937<br><strong>S\u00c4HKOLAITOS<\/strong>\u2026\u2026\u2026\u2026\u2026\u2026\u2026\u2026\u2026\u2026\u2026\u2026\u2026\u2026..965 710 248<br><strong>VESILAITOS<\/strong>\u2026\u2026\u2026\u2026\u2026\u2026\u2026\u2026\u2026\u2026\u2026\u2026\u2026\u2026\u2026\u2026.902 222 306<br><strong>KAUPUNGINTALO<\/strong>\u2026\u2026\u2026\u2026\u2026\u2026\u2026\u2026\u2026\u2026\u2026\u2026\u2026.965 710 250<br><strong>POSTI<\/strong>\u2026\u2026\u2026\u2026\u2026\u2026\u2026\u2026\u2026\u2026\u2026\u2026\u2026\u2026\u2026\u2026\u2026\u2026\u2026..965 710 679<br><strong>LINJA-AUTOASEMA<\/strong>\u2026\u2026\u2026\u2026\u2026\u2026\u2026\u2026\u2026\u2026\u2026..966 701 068<\/p>\n\n\n\n<p><strong>LENTOKENT\u00c4T<\/strong><br>Alicante\u2026\u2026\u2026\u2026\u2026\u2026\u2026\u2026\u2026\u2026\u2026\u2026\u2026\u2026\u2026\u2026\u2026\u2026\u2026966 919 400<br>San Javier\u2026\u2026\u2026\u2026\u2026\u2026\u2026\u2026\u2026\u2026\u2026\u2026\u2026\u2026\u2026\u2026\u2026\u2026968 172 000<br><strong>TAXI<\/strong>\u2026\u2026\u2026\u2026\u2026\u2026\u2026\u2026\u2026\u2026\u2026\u2026\u2026\u2026\u2026\u2026\u2026\u2026\u2026\u2026.965 711 026 tai 965711026<\/p>\n\n\n\n<p><strong>HAMMASL\u00c4\u00c4K\u00c4RIT<\/strong><br>Instituto Dental Lucrecia Botella\u2026\u2026\u2026\u2026\u2026\u2026965 714 548<br>Pedro J. Amor Koole\u2026\u2026\u2026\u2026\u2026\u2026\u2026\u2026\u2026\u2026\u2026\u2026.965 717 512<br>Nordic Dental Clinic\u2026\u2026\u2026\u2026\u2026\u2026\u2026\u2026\u2026\u2026\u2026\u2026..966 722 318<br><strong>EL\u00c4INL\u00c4\u00c4K\u00c4RIT<\/strong><br>San Esteban\u2026\u2026\u2026\u2026\u2026\u2026\u2026\u2026\u2026\u2026\u2026\u2026\u2026\u2026\u2026\u2026..966 700 274<br>p\u00e4ivystys 24h\u2026\u2026\u2026\u2026\u2026\u2026\u2026\u2026\u2026\u2026\u2026\u2026\u2026\u2026\u2026\u2026608 762 468<br><strong>EL\u00c4INSUOJELU<\/strong>\u2026\u2026\u2026\u2026\u2026\u2026\u2026\u2026\u2026\u2026\u2026\u2026\u2026\u2026.965 729 015<\/p>\n","protected":false},"excerpt":{"rendered":"<p>Yleiset palvelunumerot AMBULANSSI\u2026\u2026\u2026\u2026\u2026\u2026\u2026\u2026\u2026\u2026\u2026\u2026\u2026\u2026\u2026965 877 859SAMU (kiireelliset kuljetukset)\u2026\u2026\u2026\u2026\u2026\u2026..965 144 000PALOKUNTA.\u2026\u2026\u2026\u2026\u2026\u2026\u2026\u2026\u2026\u2026\u2026\u2026\u2026\u2026\u2026.966 704 433GUARDIA CIVIL\u2026\u2026\u2026\u2026\u2026\u2026\u2026\u2026\u2026\u2026\u2026\u2026\u2026\u2026965 710 113POLICIA LOCAL\u2026\u2026\u2026\u2026\u2026\u2026\u2026\u2026\u2026\u2026\u2026\u2026\u2026\u2026965 710 154 SAIRAALATTorrevieja\u2026\u2026\u2026\u2026\u2026\u2026\u2026\u2026\u2026\u2026\u2026\u2026\u2026\u2026\u2026\u2026\u2026..965 721 200Vega Baja\u2026\u2026\u2026\u2026\u2026\u2026\u2026\u2026\u2026\u2026\u2026\u2026\u2026\u2026\u2026\u2026\u2026\u2026965 877 500Elche\u2026\u2026\u2026\u2026\u2026\u2026\u2026\u2026\u2026\u2026\u2026\u2026\u2026\u2026\u2026\u2026\u2026\u2026\u2026\u2026966 679 000Alicante (Univ.hosp.)\u2026\u2026\u2026\u2026\u2026\u2026\u2026\u2026\u2026\u2026\u2026\u2026965 938 300Quir\u00f3n (Yksit.)\u2026\u2026\u2026\u2026\u2026\u2026\u2026\u2026\u2026\u2026\u2026\u2026\u2026\u2026\u2026.966 921 313San Juan\u2026\u2026\u2026\u2026\u2026\u2026\u2026\u2026\u2026\u2026\u2026\u2026\u2026\u2026\u2026\u2026\u2026\u2026.965 938 665San Vicente\u2026\u2026\u2026\u2026\u2026\u2026\u2026\u2026\u2026\u2026\u2026\u2026\u2026\u2026\u2026\u2026..965 660 512 TERVEYSKESKUKSET ajanvaraus\u2026\u2026\u2026\u2026\u2026965 721 400La LomaAsequionLa MataAlmoradiCabo RoigPilar de la HoradadaGuardamarCampoamorRojalesPatricio Perez KAASULAITOS\u2026\u2026\u2026\u2026\u2026\u2026\u2026\u2026\u2026\u2026\u2026\u2026\u2026\u2026..965 710 937S\u00c4HKOLAITOS\u2026\u2026\u2026\u2026\u2026\u2026\u2026\u2026\u2026\u2026\u2026\u2026\u2026\u2026..965 710 248VESILAITOS\u2026\u2026\u2026\u2026\u2026\u2026\u2026\u2026\u2026\u2026\u2026\u2026\u2026\u2026\u2026\u2026.902 222 306KAUPUNGINTALO\u2026\u2026\u2026\u2026\u2026\u2026\u2026\u2026\u2026\u2026\u2026\u2026\u2026.965 710 250POSTI\u2026\u2026\u2026\u2026\u2026\u2026\u2026\u2026\u2026\u2026\u2026\u2026\u2026\u2026\u2026\u2026\u2026\u2026\u2026..965 710 679LINJA-AUTOASEMA\u2026\u2026\u2026\u2026\u2026\u2026\u2026\u2026\u2026\u2026\u2026..966 701 068 LENTOKENT\u00c4TAlicante\u2026\u2026\u2026\u2026\u2026\u2026\u2026\u2026\u2026\u2026\u2026\u2026\u2026\u2026\u2026\u2026\u2026\u2026\u2026966 919 400San Javier\u2026\u2026\u2026\u2026\u2026\u2026\u2026\u2026\u2026\u2026\u2026\u2026\u2026\u2026\u2026\u2026\u2026\u2026968 &hellip; <a href=\"https:\/\/www.costablancasuomiseura.es\/uusisivu\/yleisia-palvelunumeroita\/\" class=\"more-link\">&#8211; Lue &#8211; <span class=\"screen-reader-text\">Yleisi\u00e4 palvelunumeroita<\/span><\/a><\/p>\n","protected":false},"author":2,"featured_media":0,"parent":0,"menu_order":0,"comment_status":"closed","ping_status":"closed","template":"","meta":{"footnotes":""},"class_list":["post-138","page","type-page","status-publish","hentry"],"post_mailing_queue_ids":[],"_links":{"self":[{"href":"https:\/\/www.costablancasuomiseura.es\/uusisivu\/wp-json\/wp\/v2\/pages\/138","targetHints":{"allow":["GET"]}}],"collection":[{"href":"https:\/\/www.costablancasuomiseura.es\/uusisivu\/wp-json\/wp\/v2\/pages"}],"about":[{"href":"https:\/\/www.costablancasuomiseura.es\/uusisivu\/wp-json\/wp\/v2\/types\/page"}],"author":[{"embeddable":true,"href":"https:\/\/www.costablancasuomiseura.es\/uusisivu\/wp-json\/wp\/v2\/users\/2"}],"replies":[{"embeddable":true,"href":"https:\/\/www.costablancasuomiseura.es\/uusisivu\/wp-json\/wp\/v2\/comments?post=138"}],"version-history":[{"count":3,"href":"https:\/\/www.costablancasuomiseura.es\/uusisivu\/wp-json\/wp\/v2\/pages\/138\/revisions"}],"predecessor-version":[{"id":582,"href":"https:\/\/www.costablancasuomiseura.es\/uusisivu\/wp-json\/wp\/v2\/pages\/138\/revisions\/582"}],"wp:attachment":[{"href":"https:\/\/www.costablancasuomiseura.es\/uusisivu\/wp-json\/wp\/v2\/media?parent=138"}],"curies":[{"name":"wp","href":"https:\/\/api.w.org\/{rel}","templated":true}]}}