{"id":121,"date":"2023-05-29T10:41:37","date_gmt":"2023-05-29T10:41:37","guid":{"rendered":"https:\/\/www.costablancasuomiseura.es\/uusisivu\/?page_id=121"},"modified":"2025-04-02T10:56:09","modified_gmt":"2025-04-02T08:56:09","slug":"saannot","status":"publish","type":"page","link":"https:\/\/www.costablancasuomiseura.es\/uusisivu\/saannot\/","title":{"rendered":"S\u00e4\u00e4nn\u00f6t"},"content":{"rendered":"\n<div data-wp-interactive=\"core\/file\" class=\"wp-block-file\"><object data-wp-bind--hidden=\"!state.hasPdfPreview\" hidden class=\"wp-block-file__embed\" data=\"https:\/\/www.costablancasuomiseura.es\/uusisivu\/wp-content\/uploads\/2025\/04\/COPIA_ESTATUTOS_2541.pdf\" type=\"application\/pdf\" style=\"width:100%;height:600px\" aria-label=\"Tiedoston COPIA_ESTATUTOS_2541 upotus.\"><\/object><a id=\"wp-block-file--media-6c8faa4c-995c-4574-84c1-07aa95fef277\" href=\"https:\/\/www.costablancasuomiseura.es\/uusisivu\/wp-content\/uploads\/2025\/04\/COPIA_ESTATUTOS_2541.pdf\">COPIA_ESTATUTOS_2541<\/a><a href=\"https:\/\/www.costablancasuomiseura.es\/uusisivu\/wp-content\/uploads\/2025\/04\/COPIA_ESTATUTOS_2541.pdf\" class=\"wp-block-file__button wp-element-button\" download aria-describedby=\"wp-block-file--media-6c8faa4c-995c-4574-84c1-07aa95fef277\">Lataa<\/a><\/div>\n","protected":false},"excerpt":{"rendered":"<p> <a href=\"https:\/\/www.costablancasuomiseura.es\/uusisivu\/saannot\/\" class=\"more-link\">&#8211; Lue &#8211; <span class=\"screen-reader-text\">S\u00e4\u00e4nn\u00f6t<\/span><\/a><\/p>\n","protected":false},"author":2,"featured_media":0,"parent":0,"menu_order":0,"comment_status":"closed","ping_status":"closed","template":"","meta":{"footnotes":""},"class_list":["post-121","page","type-page","status-publish","hentry"],"post_mailing_queue_ids":[],"_links":{"self":[{"href":"https:\/\/www.costablancasuomiseura.es\/uusisivu\/wp-json\/wp\/v2\/pages\/121","targetHints":{"allow":["GET"]}}],"collection":[{"href":"https:\/\/www.costablancasuomiseura.es\/uusisivu\/wp-json\/wp\/v2\/pages"}],"about":[{"href":"https:\/\/www.costablancasuomiseura.es\/uusisivu\/wp-json\/wp\/v2\/types\/page"}],"author":[{"embeddable":true,"href":"https:\/\/www.costablancasuomiseura.es\/uusisivu\/wp-json\/wp\/v2\/users\/2"}],"replies":[{"embeddable":true,"href":"https:\/\/www.costablancasuomiseura.es\/uusisivu\/wp-json\/wp\/v2\/comments?post=121"}],"version-history":[{"count":3,"href":"https:\/\/www.costablancasuomiseura.es\/uusisivu\/wp-json\/wp\/v2\/pages\/121\/revisions"}],"predecessor-version":[{"id":2275,"href":"https:\/\/www.costablancasuomiseura.es\/uusisivu\/wp-json\/wp\/v2\/pages\/121\/revisions\/2275"}],"wp:attachment":[{"href":"https:\/\/www.costablancasuomiseura.es\/uusisivu\/wp-json\/wp\/v2\/media?parent=121"}],"curies":[{"name":"wp","href":"https:\/\/api.w.org\/{rel}","templated":true}]}}