{"id":107,"date":"2023-05-29T10:37:20","date_gmt":"2023-05-29T10:37:20","guid":{"rendered":"https:\/\/www.costablancasuomiseura.es\/uusisivu\/?page_id=107"},"modified":"2023-11-16T19:17:44","modified_gmt":"2023-11-16T17:17:44","slug":"matkakertomukset","status":"publish","type":"page","link":"https:\/\/www.costablancasuomiseura.es\/uusisivu\/matkakertomukset\/","title":{"rendered":"Matkakertomukset"},"content":{"rendered":"\n<p><a href=\"https:\/\/www.costablancasuomiseura.es\/uusisivu\/suomi-seuran-matka-galiciaan-12-16-3-2023\/\" data-type=\"link\" data-id=\"https:\/\/www.costablancasuomiseura.es\/uusisivu\/suomi-seuran-matka-galiciaan-12-16-3-2023\/\">Suomi-Seuran matka Galiciaan 12. \u2013 16.3.2023<\/a><\/p>\n\n\n\n<p><a href=\"https:\/\/www.costablancasuomiseura.es\/uusisivu\/matkakertomus-almansa-ja-alcala-del-jugar-paivamatka-5-2-2019\/\" data-type=\"link\" data-id=\"https:\/\/www.costablancasuomiseura.es\/uusisivu\/matkakertomus-almansa-ja-alcala-del-jugar-paivamatka-5-2-2019\/\">Matkakertomus: Almansa ja Alcal\u00e1 del J\u00fagar p\u00e4iv\u00e4matka 5.2.2019<\/a><\/p>\n\n\n\n<p><a href=\"https:\/\/www.costablancasuomiseura.es\/uusisivu\/baskimaan-kierroksen-13-21-4-2018-matkakertomus\/\" data-type=\"link\" data-id=\"https:\/\/www.costablancasuomiseura.es\/uusisivu\/baskimaan-kierroksen-13-21-4-2018-matkakertomus\/\">Baskimaan kierros 13.-21.4.2018<\/a><\/p>\n\n\n\n<p><\/p>\n","protected":false},"excerpt":{"rendered":"<p>Suomi-Seuran matka Galiciaan 12. \u2013 16.3.2023 Matkakertomus: Almansa ja Alcal\u00e1 del J\u00fagar p\u00e4iv\u00e4matka 5.2.2019 Baskimaan kierros 13.-21.4.2018 <a href=\"https:\/\/www.costablancasuomiseura.es\/uusisivu\/matkakertomukset\/\" class=\"more-link\">&#8211; Lue &#8211; <span class=\"screen-reader-text\">Matkakertomukset<\/span><\/a><\/p>\n","protected":false},"author":2,"featured_media":0,"parent":0,"menu_order":0,"comment_status":"closed","ping_status":"closed","template":"","meta":{"footnotes":""},"class_list":["post-107","page","type-page","status-publish","hentry"],"post_mailing_queue_ids":[],"_links":{"self":[{"href":"https:\/\/www.costablancasuomiseura.es\/uusisivu\/wp-json\/wp\/v2\/pages\/107","targetHints":{"allow":["GET"]}}],"collection":[{"href":"https:\/\/www.costablancasuomiseura.es\/uusisivu\/wp-json\/wp\/v2\/pages"}],"about":[{"href":"https:\/\/www.costablancasuomiseura.es\/uusisivu\/wp-json\/wp\/v2\/types\/page"}],"author":[{"embeddable":true,"href":"https:\/\/www.costablancasuomiseura.es\/uusisivu\/wp-json\/wp\/v2\/users\/2"}],"replies":[{"embeddable":true,"href":"https:\/\/www.costablancasuomiseura.es\/uusisivu\/wp-json\/wp\/v2\/comments?post=107"}],"version-history":[{"count":9,"href":"https:\/\/www.costablancasuomiseura.es\/uusisivu\/wp-json\/wp\/v2\/pages\/107\/revisions"}],"predecessor-version":[{"id":627,"href":"https:\/\/www.costablancasuomiseura.es\/uusisivu\/wp-json\/wp\/v2\/pages\/107\/revisions\/627"}],"wp:attachment":[{"href":"https:\/\/www.costablancasuomiseura.es\/uusisivu\/wp-json\/wp\/v2\/media?parent=107"}],"curies":[{"name":"wp","href":"https:\/\/api.w.org\/{rel}","templated":true}]}}